{"id":19,"date":"2010-07-08T21:23:41","date_gmt":"2010-07-08T19:23:41","guid":{"rendered":"http:\/\/127.0.0.1\/?page_id=19"},"modified":"2025-07-11T21:25:46","modified_gmt":"2025-07-11T20:25:46","slug":"les-tarifs","status":"publish","type":"page","link":"https:\/\/astt.eu.org\/?page_id=19","title":{"rendered":"Inscriptions et tarifs 2025 \/ 2026"},"content":{"rendered":"<p><span style=\"color: #ff0000;\"><em>(page mise \u00e0 jour le 30\/06\/2025)<\/em><\/span><\/p>\n<p><span style=\"background-color: #ffffff; font-family: verdana, geneva, sans-serif; font-size: 10pt;\">Les inscriptions et renouvellement pour la saison 2025\/2026 auront lieu le vendredi 04 juillet 2025 de 18h30 \u00e0 20h30 \u00e0 la salle des troubadours.<\/span><\/p>\n<p><span style=\"background-color: #ffffff; font-family: verdana, geneva, sans-serif; font-size: 10pt;\">Si vous souhaitez vous inscrire ou r\u00e9inscrire, veuillez t\u00e9l\u00e9charger les documents ci-apr\u00e8s :<\/span><\/p>\n<p><span style=\"font-family: verdana, geneva, sans-serif; font-size: 10pt;\"><a href=\"https:\/\/astt.eu.org\/wp-content\/uploads\/2025\/06\/gcwmx-25-2-licence-4.pdf\">bordereau de licence 2025\/2026<\/a>\u00a0 \u00a0 \u00a0:\u00a0 <em><span style=\"background-color: #ffff00;\">obligatoire<\/span><\/em><\/span><\/p>\n<p><span style=\"font-family: verdana, geneva, sans-serif; font-size: 10pt;\"><a href=\"https:\/\/astt.eu.org\/wp-content\/uploads\/2025\/06\/gcwn0-25-10-2-autoquestionnaire-medical-mineur-2.pdf\">autoquestionnaire de sant\u00e9 mineur 2025-2026<\/a>\u00a0 : <span style=\"font-size: 10pt;\"><span style=\"background-color: #ffff00; font-family: verdana, geneva, sans-serif;\"><em><span style=\"color: #0000ff;\">obligatoire<\/span><\/em><\/span><\/span><\/span><\/p>\n<p><span style=\"font-family: verdana, geneva, sans-serif; font-size: 10pt;\"><a href=\"https:\/\/astt.eu.org\/wp-content\/uploads\/2025\/06\/gcwmz-25-10-1-autoquestionnaire-medical-majeur-3.pdf\">autoquestionnaire de sant\u00e9 majeur 2025-2026<\/a>\u00a0 : <span style=\"font-size: 10pt;\"><span style=\"background-color: #ffff00; font-family: verdana, geneva, sans-serif;\"><em><span style=\"color: #0000ff;\">obligatoire<\/span><\/em><\/span><\/span><\/span><\/p>\n<p><span style=\"font-family: verdana, geneva, sans-serif; font-size: 10pt;\"><a href=\"https:\/\/astt.eu.org\/wp-content\/uploads\/2025\/06\/gcwn1-25-9-certificat.pdf\"><span style=\"font-size: 10pt;\">certificat m\u00e9dical<\/span><\/a> :<span style=\"font-size: 10pt;\"><em><span style=\"background-color: #ffff00;\">&#8211; de 40 ans pas de certificat m\u00e9dical mais un autoquestionnaire m\u00e9dical\u00a0 \u00a0\u00a0<\/span><\/em><\/span><\/span><\/p>\n<p><span style=\"font-family: verdana, geneva, sans-serif; font-size: 10pt;\"><span style=\"font-size: 10pt;\"><em>\u00a0 \u00a0 \u00a0 \u00a0 \u00a0 \u00a0 \u00a0 \u00a0 \u00a0 \u00a0 \u00a0 \u00a0 \u00a0 <span style=\"background-color: #ffff00;\">\u00a0+ de 40 ans certificat m\u00e9dical tous les 5 ans (ou lors du changement de cat\u00e9gorie)<\/span><\/em><\/span><\/span><\/p>\n<p>&nbsp;<\/p>\n<p><span style=\"font-size: 12pt;\"><strong><span style=\"text-decoration: underline;\"><span style=\"font-family: verdana, geneva, sans-serif;\">Montant de la cotisation 2025\/2026<\/span><\/span><\/strong><\/span><\/p>\n<table style=\"width: 70%; height: 115px;\" border=\"1\" cellspacing=\"1\" cellpadding=\"1\" align=\"center\">\n<tbody>\n<tr style=\"height: 23px;\">\n<td style=\"text-align: center; width: 333.602px; height: 23px;\" bgcolor=\"#0000cc\"><span style=\"font-family: verdana, geneva, sans-serif;\"><span style=\"font-size: 14px;\"><strong><span style=\"color: #fff0f5;\">Licence de renouvellement<\/span><\/strong><\/span><\/span><\/td>\n<td style=\"text-align: center; width: 77.5472px; height: 23px;\" bgcolor=\"#0000ff\"><span style=\"font-family: verdana, geneva, sans-serif;\"><span style=\"font-size: 14px;\"><strong><span style=\"color: #fff0f5;\">jeunes<\/span><\/strong><\/span><\/span><\/td>\n<td style=\"text-align: center; width: 72.6072px; height: 23px;\" bgcolor=\"#0000ff\"><span style=\"font-family: verdana, geneva, sans-serif;\"><span style=\"font-size: 14px;\"><strong><span style=\"color: #fff0f5;\">adultes<\/span><\/strong><\/span><\/span><\/td>\n<\/tr>\n<tr style=\"height: 23px;\">\n<td style=\"width: 333.602px; text-align: right; height: 23px;\" bgcolor=\"#ccffff\"><span style=\"font-family: verdana, geneva, sans-serif;\"><span style=\"font-size: 14px;\"><strong><span style=\"color: #0000ff;\">entrainement dirig\u00e9\u00a0 et\/ou\u00a0 comp\u00e9tition\u00a0<\/span><\/strong><\/span><\/span><\/td>\n<td style=\"text-align: center; width: 77.5472px; height: 23px;\" bgcolor=\"#ccffff\"><span style=\"font-family: verdana, geneva, sans-serif;\"><span style=\"font-size: 14px;\">105 \u20ac\u00a0<\/span><\/span><\/td>\n<td style=\"text-align: center; width: 72.6072px; height: 23px;\" bgcolor=\"#ccffff\"><span style=\"font-family: verdana, geneva, sans-serif;\"><span style=\"font-size: 14px;\">105 \u20ac<\/span><\/span><\/td>\n<\/tr>\n<tr style=\"height: 23px;\">\n<td style=\"text-align: right; width: 333.602px; height: 23px;\" bgcolor=\"#ccffff\"><span style=\"font-family: verdana, geneva, sans-serif;\"><span style=\"font-size: 14px;\"><strong><span style=\"color: #0000ff;\">loisirs <\/span><\/strong><\/span><\/span><\/td>\n<td style=\"text-align: center; width: 154.94px; height: 23px;\" colspan=\"2\" bgcolor=\"#ccffff\"><span style=\"font-family: verdana, geneva, sans-serif;\"><span style=\"font-size: 14px;\">80\u00a0 \u20ac<\/span><\/span><\/td>\n<\/tr>\n<tr style=\"height: 23px;\">\n<td style=\"text-align: center; width: 493.328px; height: 23px;\" colspan=\"3\" bgcolor=\"#ccffff\"><span style=\"font-size: 14px;\">-10 % pour le 2\u00e8me licenci\u00e9\u00a0 d&rsquo;une m\u00eame famille<br \/>\n<\/span><\/td>\n<\/tr>\n<\/tbody>\n<\/table>\n<p style=\"text-align: center;\"><img loading=\"lazy\" decoding=\"async\" class=\"wp-image-21695 aligncenter\" style=\"text-align: center;\" src=\"https:\/\/astt.eu.org\/wp-content\/uploads\/2023\/07\/nouveau.png\" alt=\"\" width=\"78\" height=\"42\" \/><span style=\"font-family: verdana, geneva, sans-serif;\">ch\u00e8ques vacances accept\u00e9s\u00a0<\/span><\/p>\n<p style=\"text-align: center;\">\u00a0 \u00a0<\/p>\n<p><span style=\"font-size: 10pt;\"><span style=\"font-family: verdana, geneva, sans-serif;\"><span style=\"text-decoration: underline;\">A partir de septembre 2025 <\/span><\/span>: <span style=\"font-family: verdana, geneva, sans-serif;\">contacter nous par mail si vous voulez vous inscrire ou Mme LATTAY Evelyne 06.76.56.17.42<\/span><\/span><\/p>\n<p><span style=\"font-family: verdana, geneva, sans-serif;\">\u00a0<\/span><\/p>\n<p>&nbsp;<\/p>\n<p>&nbsp;<\/p>\n<p>&nbsp;<\/p>\n<p>&nbsp;<\/p>\n<p>&nbsp;<\/p>\n","protected":false},"excerpt":{"rendered":"<p>(page mise \u00e0 jour le 30\/06\/2025) Les inscriptions et renouvellement pour la saison 2025\/2026 auront lieu le vendredi 04 juillet 2025 de 18h30 \u00e0 20h30 \u00e0 la salle des troubadours. [&hellip;]<\/p>\n","protected":false},"author":1,"featured_media":0,"parent":0,"menu_order":2,"comment_status":"closed","ping_status":"closed","template":"","meta":{"footnotes":""},"class_list":["post-19","page","type-page","status-publish","hentry"],"_links":{"self":[{"href":"https:\/\/astt.eu.org\/index.php?rest_route=\/wp\/v2\/pages\/19","targetHints":{"allow":["GET"]}}],"collection":[{"href":"https:\/\/astt.eu.org\/index.php?rest_route=\/wp\/v2\/pages"}],"about":[{"href":"https:\/\/astt.eu.org\/index.php?rest_route=\/wp\/v2\/types\/page"}],"author":[{"embeddable":true,"href":"https:\/\/astt.eu.org\/index.php?rest_route=\/wp\/v2\/users\/1"}],"replies":[{"embeddable":true,"href":"https:\/\/astt.eu.org\/index.php?rest_route=%2Fwp%2Fv2%2Fcomments&post=19"}],"version-history":[{"count":5,"href":"https:\/\/astt.eu.org\/index.php?rest_route=\/wp\/v2\/pages\/19\/revisions"}],"predecessor-version":[{"id":23313,"href":"https:\/\/astt.eu.org\/index.php?rest_route=\/wp\/v2\/pages\/19\/revisions\/23313"}],"wp:attachment":[{"href":"https:\/\/astt.eu.org\/index.php?rest_route=%2Fwp%2Fv2%2Fmedia&parent=19"}],"curies":[{"name":"wp","href":"https:\/\/api.w.org\/{rel}","templated":true}]}}